{"id":2441,"date":"2024-10-22T22:55:45","date_gmt":"2024-10-22T19:55:45","guid":{"rendered":"https:\/\/secursports.com\/secure\/?page_id=2441"},"modified":"2024-12-04T12:35:32","modified_gmt":"2024-12-04T09:35:32","slug":"spor-beslenme","status":"publish","type":"page","link":"https:\/\/secursports.com\/?page_id=2441","title":{"rendered":"Online Diyet Hizmetleri"},"content":{"rendered":"\t\t<div data-elementor-type=\"wp-page\" data-elementor-id=\"2441\" class=\"elementor elementor-2441\" data-elementor-post-type=\"page\">\n\t\t\t\t<div class=\"elementor-element elementor-element-5ec72ba e-flex e-con-boxed e-con e-parent\" data-id=\"5ec72ba\" data-element_type=\"container\" data-settings=\"{&quot;background_background&quot;:&quot;classic&quot;}\">\n\t\t\t\t\t<div class=\"e-con-inner\">\n\t\t\t\t<div class=\"elementor-element elementor-element-51a69a7 elementor-widget elementor-widget-gymfito_bmi_sliding_text\" data-id=\"51a69a7\" data-element_type=\"widget\" data-widget_type=\"gymfito_bmi_sliding_text.default\">\n\t\t\t\t<div class=\"elementor-widget-container\">\n\t\t\t\n        <div class=\"ak-height-135 ak-height-lg-80\"><\/div>\n        <section class=\"sliding-text type2\">\n            <div class=\"moving-section-wrap type2 ak-normal text-uppercase\">\n                <div class=\"moving-section-in\">\n                    <div class=\"moving-section\">\n                        <h4 class=\"moving-text type2\">\n                                                            <span>Yetene\u011fini ke\u015ffet hangi spor bran\u015f\u0131nda yetene\u011fin var ke\u015ffetmek\u00a0istemez\u00a0misin?<\/span>\n                                                    <\/h4>\n                    <\/div>\n                    <div class=\"moving-section\">\n                        <h4 class=\"moving-text type2\">\n                                                            <span>Yetene\u011fini ke\u015ffet hangi spor bran\u015f\u0131nda yetene\u011fin var ke\u015ffetmek\u00a0istemez\u00a0misin?<\/span>\n                                                    <\/h4>\n                    <\/div>\n                <\/div>\n            <\/div>\n        <\/section>\n\n        \t\t<\/div>\n\t\t\t\t<\/div>\n\t\t\t\t\t<\/div>\n\t\t\t\t<\/div>\n\t\t<div class=\"elementor-element elementor-element-3bbf0f4 e-flex e-con-boxed e-con e-parent\" data-id=\"3bbf0f4\" data-element_type=\"container\" data-settings=\"{&quot;background_background&quot;:&quot;classic&quot;}\">\n\t\t\t\t\t<div class=\"e-con-inner\">\n\t\t<div class=\"elementor-element elementor-element-b94bfab e-con-full e-flex e-con e-child\" data-id=\"b94bfab\" data-element_type=\"container\">\n\t\t\t\t<div class=\"elementor-element elementor-element-6c061e5 elementor-widget elementor-widget-image\" data-id=\"6c061e5\" data-element_type=\"widget\" data-widget_type=\"image.default\">\n\t\t\t\t<div class=\"elementor-widget-container\">\n\t\t\t\t\t\t\t\t\t\t\t\t\t<img fetchpriority=\"high\" decoding=\"async\" width=\"1024\" height=\"1024\" src=\"https:\/\/secursports.com\/wp-content\/uploads\/2024\/10\/WhatsApp-Gorsel-2024-10-26-saat-12.25.05_5098deb0-1024x1024.jpg\" class=\"attachment-large size-large wp-image-2730\" alt=\"\" srcset=\"https:\/\/secursports.com\/wp-content\/uploads\/2024\/10\/WhatsApp-Gorsel-2024-10-26-saat-12.25.05_5098deb0-1024x1024.jpg 1024w, https:\/\/secursports.com\/wp-content\/uploads\/2024\/10\/WhatsApp-Gorsel-2024-10-26-saat-12.25.05_5098deb0-300x300.jpg 300w, https:\/\/secursports.com\/wp-content\/uploads\/2024\/10\/WhatsApp-Gorsel-2024-10-26-saat-12.25.05_5098deb0-150x150.jpg 150w, https:\/\/secursports.com\/wp-content\/uploads\/2024\/10\/WhatsApp-Gorsel-2024-10-26-saat-12.25.05_5098deb0-768x768.jpg 768w, https:\/\/secursports.com\/wp-content\/uploads\/2024\/10\/WhatsApp-Gorsel-2024-10-26-saat-12.25.05_5098deb0-200x200.jpg 200w, https:\/\/secursports.com\/wp-content\/uploads\/2024\/10\/WhatsApp-Gorsel-2024-10-26-saat-12.25.05_5098deb0.jpg 1080w\" sizes=\"(max-width: 1024px) 100vw, 1024px\" \/>\t\t\t\t\t\t\t\t\t\t\t\t\t<\/div>\n\t\t\t\t<\/div>\n\t\t\t\t<\/div>\n\t\t<div class=\"elementor-element elementor-element-4f08ad9 e-con-full e-flex e-con e-child\" data-id=\"4f08ad9\" data-element_type=\"container\">\n\t\t\t\t<div class=\"elementor-element elementor-element-78187b1 elementor-widget elementor-widget-text-editor\" data-id=\"78187b1\" data-element_type=\"widget\" data-widget_type=\"text-editor.default\">\n\t\t\t\t<div class=\"elementor-widget-container\">\n\t\t\t\t\t\t\t<div dir=\"auto\">Online Diyet Nedir ?\u00a0<\/div><div dir=\"auto\">\u00a0<\/div><div dir=\"auto\">Ki\u015fiye \u00f6zel beslenme planlar\u0131 sunarak, dijital platformlar \u00fczerinden diyetisyenle s\u00fcrekli ileti\u015fimde kalarak sa\u011fl\u0131kl\u0131 ya\u015fam hedeflerine ula\u015fmay\u0131 sa\u011flayan bir sistemdir. Zaman ve mekan k\u0131s\u0131tlamas\u0131 olmadan, ki\u015fisel ihtiya\u00e7lara g\u00f6re esnek ve etkili bir beslenme s\u00fcreci sunar. Online diyet sistemi ile sa\u011fl\u0131kl\u0131 ya\u015fam yolculu\u011funuz daha ula\u015f\u0131labilir ve daha etkili.<\/div><div dir=\"auto\">\u00a0<\/div><div dir=\"auto\">Peki bu s\u00fcre\u00e7te sizi neler bekliyor ?\u00a0<\/div><div dir=\"auto\">\u00a0<\/div><div dir=\"auto\">Sa\u011fl\u0131k ge\u00e7mi\u015finizi ve hedeflerinizi, g\u00fcnl\u00fck yemek al\u0131\u015fkanl\u0131klar\u0131n\u0131z\u0131, aktivite seviyenizi ve sa\u011fl\u0131k durumunuzu belli edecek bir \u00f6n izleme formu doldurman\u0131z\u0131 isteyece\u011fiz.<\/div><div dir=\"auto\">Daha sonra diyetisyenimizden ald\u0131\u011f\u0131n\u0131z randevu ile birlikte g\u00f6r\u00fc\u015fme ger\u00e7ekle\u015ftirip sadece size, ya\u015fam tarz\u0131n\u0131za \u00f6zel beslenme programlar\u0131 ve bir \u00e7ok farkl\u0131 tariflerle s\u00fcrecinize destek olaca\u011f\u0131z.<\/div><div dir=\"auto\">\u00a0<\/div><div dir=\"auto\">Sa\u011fl\u0131kl\u0131 bir yolculu\u011fa birlikte \u00e7\u0131kal\u0131m!<\/div>\t\t\t\t\t\t<\/div>\n\t\t\t\t<\/div>\n\t\t\t\t<\/div>\n\t\t\t\t\t<\/div>\n\t\t\t\t<\/div>\n\t\t\t\t<\/div>\n\t\t","protected":false},"excerpt":{"rendered":"<p>Yetene\u011fini ke\u015ffet hangi spor bran\u015f\u0131nda yetene\u011fin var ke\u015ffetmek\u00a0istemez\u00a0misin? Yetene\u011fini ke\u015ffet hangi spor bran\u015f\u0131nda yetene\u011fin var ke\u015ffetmek\u00a0istemez\u00a0misin? Online Diyet Nedir ?\u00a0\u00a0Ki\u015fiye \u00f6zel beslenme planlar\u0131 sunarak, dijital platformlar \u00fczerinden diyetisyenle s\u00fcrekli ileti\u015fimde kalarak sa\u011fl\u0131kl\u0131 ya\u015fam hedeflerine ula\u015fmay\u0131 sa\u011flayan bir sistemdir. Zaman ve mekan k\u0131s\u0131tlamas\u0131 olmadan, ki\u015fisel ihtiya\u00e7lara g\u00f6re esnek ve etkili bir beslenme s\u00fcreci sunar. Online diyet [&hellip;]<\/p>\n","protected":false},"author":1,"featured_media":0,"parent":0,"menu_order":0,"comment_status":"closed","ping_status":"closed","template":"page-templates\/other-pages.php","meta":{"footnotes":""},"class_list":["post-2441","page","type-page","status-publish","hentry"],"_links":{"self":[{"href":"https:\/\/secursports.com\/index.php?rest_route=\/wp\/v2\/pages\/2441","targetHints":{"allow":["GET"]}}],"collection":[{"href":"https:\/\/secursports.com\/index.php?rest_route=\/wp\/v2\/pages"}],"about":[{"href":"https:\/\/secursports.com\/index.php?rest_route=\/wp\/v2\/types\/page"}],"author":[{"embeddable":true,"href":"https:\/\/secursports.com\/index.php?rest_route=\/wp\/v2\/users\/1"}],"replies":[{"embeddable":true,"href":"https:\/\/secursports.com\/index.php?rest_route=%2Fwp%2Fv2%2Fcomments&post=2441"}],"version-history":[{"count":27,"href":"https:\/\/secursports.com\/index.php?rest_route=\/wp\/v2\/pages\/2441\/revisions"}],"predecessor-version":[{"id":2786,"href":"https:\/\/secursports.com\/index.php?rest_route=\/wp\/v2\/pages\/2441\/revisions\/2786"}],"wp:attachment":[{"href":"https:\/\/secursports.com\/index.php?rest_route=%2Fwp%2Fv2%2Fmedia&parent=2441"}],"curies":[{"name":"wp","href":"https:\/\/api.w.org\/{rel}","templated":true}]}}